{"id":3951,"date":"2016-05-03T10:53:30","date_gmt":"2016-05-03T08:53:30","guid":{"rendered":"http:\/\/wordpress.postmuenster.de\/?page_id=3951"},"modified":"2022-03-01T13:45:38","modified_gmt":"2022-03-01T12:45:38","slug":"gemeinderat","status":"publish","type":"page","link":"https:\/\/www.postmuenster.de\/?page_id=3951","title":{"rendered":"Gemeinderat"},"content":{"rendered":"<div id=\"attachment_4478\" style=\"width: 310px\" class=\"wp-caption alignright\"><a href=\"https:\/\/www.postmuenster.de\/wp-content\/uploads\/2016\/05\/Sitzungssaal-Rathaus.jpg\" data-lbwps-width=\"2592\" data-lbwps-height=\"1844\" data-lbwps-srcsmall=\"https:\/\/www.postmuenster.de\/wp-content\/uploads\/2016\/05\/Sitzungssaal-Rathaus.jpg\"><img loading=\"lazy\" decoding=\"async\" aria-describedby=\"caption-attachment-4478\" class=\"wp-image-4478 size-medium\" src=\"https:\/\/www.postmuenster.de\/wp-content\/uploads\/2016\/05\/Sitzungssaal-Rathaus-300x213.jpg\" alt=\"Sitzungssaal\" width=\"300\" height=\"213\" srcset=\"https:\/\/www.postmuenster.de\/wp-content\/uploads\/2016\/05\/Sitzungssaal-Rathaus-300x213.jpg 300w, https:\/\/www.postmuenster.de\/wp-content\/uploads\/2016\/05\/Sitzungssaal-Rathaus-1024x728.jpg 1024w\" sizes=\"auto, (max-width: 300px) 100vw, 300px\" \/><\/a><p id=\"caption-attachment-4478\" class=\"wp-caption-text\">Sitzungssaal im Rathaus<\/p><\/div>\n<p>Der Gemeinderat ist die Vertretung der Gemeindeb\u00fcrgerinnen und -b\u00fcrger; er besteht aus dem ersten B\u00fcrgermeister und den Gemeinderatsmitgliedern (darunter auch die zweiten und dritten B\u00fcrgermeister). In Postm\u00fcnster geh\u00f6ren insgesamt 15 Personen dem Gemeinderat an, welche auf die Dauer von sechs Jahren gew\u00e4hlt werden.\u00a0 Die Gemeinderatsmitglieder und der erste B\u00fcrgermeister \u00fcben ihre \u00c4mter ehrenamtlich aus. Eine Gemeinde wird durch den Gemeinderat verwaltet, soweit nicht der erste B\u00fcrgermeister selbst\u00e4ndig entscheiden kann.<\/p>\n<p>Im 2020 gew\u00e4hlten Gremium f\u00fcr die Wahlperiode 2020 bis 2026 sind die Parteien und W\u00e4hlergruppen Christlich Soziale Union (CSU), Christlich Freie W\u00e4hlergemeinschaft Postm\u00fcnster (CFWG),\u00a0 Sozialdemokratische Partei Deutschlands (SPD) sowie Liste Gangerbauer (LG) wie folgt vertreten:<\/p>\n<p>&nbsp;<\/p>\n<p style=\"text-align: left; padding-left: 30px;\"><b>1. B\u00fcrgermeister:<\/b><br \/>\nStefan Weindl, CSU<\/p>\n<p style=\"text-align: left; padding-left: 30px;\"><b>2. B\u00fcrgermeister:<\/b><br \/>\nJohann Kaisersberger, CFWG<\/p>\n<p style=\"text-align: left; padding-left: 30px;\"><b>3. B\u00fcrgermeister:<\/b><br \/>\nHans Peter Bachmaier, CSU<\/p>\n<p style=\"text-align: left; padding-left: 30px;\"><b>Gemeinderatsmitglieder:<br \/>\n<\/b>Hans Peter Bachmaier, CSU<br \/>\nGuido Brandl, CFWG<br \/>\nAlbert Edmaier, CFWG<br \/>\nManfred Grammelsberger, CSU<br \/>\nThomas Huber, CSU<br \/>\nBeate Kainzlsperger, LG<br \/>\nJohann Kaisersberger, CFWG<br \/>\nAlois Rothmeier jun., SPD<br \/>\nG\u00fcnther Rothmeier, SPD<br \/>\nMelanie Sprenzinger, CFWG<br \/>\nDr. Georg T\u00fcller, CSU<br \/>\nKonrad Wagner, CSU<br \/>\nJ\u00fcrgen Widl, CFWG<br \/>\nBernhard W\u00fcrdinger, LG<\/p>\n<p>&nbsp;<\/p>\n<p>Der Gemeinderat hat zudem folgende vorberatende und beschlie\u00dfende <strong>Aussch\u00fcsse<\/strong> gebildet:<\/p>\n<ul>\n<li>Haupt- und Finanzausschuss (vorberatend)\n<ul>\n<li>Vorsitzender: 1. B\u00fcrgermeister Stefan Weindl<\/li>\n<li>Mitglieder: Johann Kaisersberger, Albert Edmaier, Hans Peter Bachmaier, Thomas Huber, Alois Rothmeier, Beate Kainzlsperger<\/li>\n<\/ul>\n<\/li>\n<li>Bauausschuss (beschlie\u00dfend)\n<ul>\n<li>Vorsitzender: 1. B\u00fcrgermeister Stefan Weindl<\/li>\n<li>Mitglieder: Guido Brandl, J\u00fcrgen Widl, Manfred Grammelsberger, Dr. Georg T\u00fcller, G\u00fcnther Rothmeier, Bernhard W\u00fcrdinger<\/li>\n<\/ul>\n<\/li>\n<li>Rechnungspr\u00fcfungsausschuss (vorberatend)\n<ul>\n<li>Vorsitzender: 2. B\u00fcrgermeister Johann Kaisersberger<\/li>\n<li>Mitglieder: Johann Kaisersberger, Thomas Huber, Dr. Georg T\u00fcller, G\u00fcnther Rothmeier, Bernhard W\u00fcrdinger<\/li>\n<\/ul>\n<\/li>\n<\/ul>\n<p>&nbsp;<\/p>\n<p><strong>Sitzungskalender, Bekanntmachungen, Gremien:<\/strong><\/p>\n<p>Alle aktuellen Informationen finden Sie in unserem <a href=\"https:\/\/postmuenster.ris.kommune-aktiv.de\" target=\"_blank\" rel=\"noopener\">Sitzungsportal<\/a>!<\/p>\n<p>&nbsp;<\/p>\n<div id=\"attachment_7378\" style=\"width: 1034px\" class=\"wp-caption alignleft\"><a href=\"https:\/\/www.postmuenster.de\/wp-content\/uploads\/2020\/10\/Bild-GR-2020.jpg\" data-lbwps-width=\"5184\" data-lbwps-height=\"3456\" data-lbwps-srcsmall=\"https:\/\/www.postmuenster.de\/wp-content\/uploads\/2020\/10\/Bild-GR-2020.jpg\"><img loading=\"lazy\" decoding=\"async\" aria-describedby=\"caption-attachment-7378\" class=\"wp-image-7378 size-large\" src=\"https:\/\/www.postmuenster.de\/wp-content\/uploads\/2020\/10\/Bild-GR-2020-1024x683.jpg\" alt=\"Der Gemeinderat 2020 - 2026\" width=\"1024\" height=\"683\" srcset=\"https:\/\/www.postmuenster.de\/wp-content\/uploads\/2020\/10\/Bild-GR-2020-1024x683.jpg 1024w, https:\/\/www.postmuenster.de\/wp-content\/uploads\/2020\/10\/Bild-GR-2020-300x200.jpg 300w, https:\/\/www.postmuenster.de\/wp-content\/uploads\/2020\/10\/Bild-GR-2020-2048x1365.jpg 2048w\" sizes=\"auto, (max-width: 1024px) 100vw, 1024px\" \/><\/a><p id=\"caption-attachment-7378\" class=\"wp-caption-text\">Der Gemeinderat 2020 &#8211; 2026 bei seiner konstituierenden Sitzung im Mai 2020, die wegen Corona in der Schulturnhalle stattfand. Im Vordergrund die drei B\u00fcrgermeister: v.l.n.r. 3. B\u00fcrgermeister Hans Peter Bachmaier, 2. B\u00fcrgermeister Johann Kaisersberger und 1. B\u00fcrgermeister Stefan Weindl. Foto: PNP<\/p><\/div>\n","protected":false},"excerpt":{"rendered":"<p>Der Gemeinderat ist die Vertretung der Gemeindeb\u00fcrgerinnen und -b\u00fcrger; er besteht aus dem ersten B\u00fcrgermeister und den Gemeinderatsmitgliedern (darunter auch die zweiten und dritten B\u00fcrgermeister). In Postm\u00fcnster geh\u00f6ren insgesamt 15 Personen dem Gemeinderat an, welche auf die Dauer von sechs Jahren gew\u00e4hlt werden.\u00a0 Die Gemeinderatsmitglieder und der erste B\u00fcrgermeister \u00fcben ihre \u00c4mter ehrenamtlich aus. Eine [&hellip;]<\/p>\n","protected":false},"author":11,"featured_media":0,"parent":3936,"menu_order":4,"comment_status":"closed","ping_status":"closed","template":"page-full.php","meta":{"footnotes":""},"class_list":["post-3951","page","type-page","status-publish","hentry"],"publishpress_future_action":{"enabled":false,"date":"2026-05-06 04:36:03","action":"change-status","newStatus":"draft","terms":[],"taxonomy":"","extraData":[]},"publishpress_future_workflow_manual_trigger":{"enabledWorkflows":[]},"_links":{"self":[{"href":"https:\/\/www.postmuenster.de\/index.php?rest_route=\/wp\/v2\/pages\/3951","targetHints":{"allow":["GET"]}}],"collection":[{"href":"https:\/\/www.postmuenster.de\/index.php?rest_route=\/wp\/v2\/pages"}],"about":[{"href":"https:\/\/www.postmuenster.de\/index.php?rest_route=\/wp\/v2\/types\/page"}],"author":[{"embeddable":true,"href":"https:\/\/www.postmuenster.de\/index.php?rest_route=\/wp\/v2\/users\/11"}],"replies":[{"embeddable":true,"href":"https:\/\/www.postmuenster.de\/index.php?rest_route=%2Fwp%2Fv2%2Fcomments&post=3951"}],"version-history":[{"count":44,"href":"https:\/\/www.postmuenster.de\/index.php?rest_route=\/wp\/v2\/pages\/3951\/revisions"}],"predecessor-version":[{"id":7926,"href":"https:\/\/www.postmuenster.de\/index.php?rest_route=\/wp\/v2\/pages\/3951\/revisions\/7926"}],"up":[{"embeddable":true,"href":"https:\/\/www.postmuenster.de\/index.php?rest_route=\/wp\/v2\/pages\/3936"}],"wp:attachment":[{"href":"https:\/\/www.postmuenster.de\/index.php?rest_route=%2Fwp%2Fv2%2Fmedia&parent=3951"}],"curies":[{"name":"wp","href":"https:\/\/api.w.org\/{rel}","templated":true}]}}

<div id="attachment_4478" style="width: 310px" class="wp-caption alignright"><a href="https://www.postmuenster.de/wp-content/uploads/2016/05/Sitzungssaal-Rathaus.jpg" data-lbwps-width="2592" data-lbwps-height="1844" data-lbwps-srcsmall="https://www.postmuenster.de/wp-content/uploads/2016/05/Sitzungssaal-Rathaus.jpg"><img loading="lazy" decoding="async" aria-describedby="caption-attachment-4478" class="wp-image-4478 size-medium" src="https://www.postmuenster.de/wp-content/uploads/2016/05/Sitzungssaal-Rathaus-300x213.jpg" alt="Sitzungssaal" width="300" height="213" srcset="https://www.postmuenster.de/wp-content/uploads/2016/05/Sitzungssaal-Rathaus-300x213.jpg 300w, https://www.postmuenster.de/wp-content/uploads/2016/05/Sitzungssaal-Rathaus-1024x728.jpg 1024w" sizes="auto, (max-width: 300px) 100vw, 300px" /></a><p id="caption-attachment-4478" class="wp-caption-text">Sitzungssaal im Rathaus</p></div>
<p>Der Gemeinderat ist die Vertretung der Gemeindebürgerinnen und -bürger; er besteht aus dem ersten Bürgermeister und den Gemeinderatsmitgliedern (darunter auch die zweiten und dritten Bürgermeister). In Postmünster gehören insgesamt 15 Personen dem Gemeinderat an, welche auf die Dauer von sechs Jahren gewählt werden.  Die Gemeinderatsmitglieder und der erste Bürgermeister üben ihre Ämter ehrenamtlich aus. Eine Gemeinde wird durch den Gemeinderat verwaltet, soweit nicht der erste Bürgermeister selbständig entscheiden kann.</p>
<p>Im 2020 gewählten Gremium für die Wahlperiode 2020 bis 2026 sind die Parteien und Wählergruppen Christlich Soziale Union (CSU), Christlich Freie Wählergemeinschaft Postmünster (CFWG),  Sozialdemokratische Partei Deutschlands (SPD) sowie Liste Gangerbauer (LG) wie folgt vertreten:</p>
<p>&nbsp;</p>
<p style="text-align: left; padding-left: 30px;"><b>1. Bürgermeister:</b><br />
Stefan Weindl, CSU</p>
<p style="text-align: left; padding-left: 30px;"><b>2. Bürgermeister:</b><br />
Johann Kaisersberger, CFWG</p>
<p style="text-align: left; padding-left: 30px;"><b>3. Bürgermeister:</b><br />
Hans Peter Bachmaier, CSU</p>
<p style="text-align: left; padding-left: 30px;"><b>Gemeinderatsmitglieder:<br />
</b>Hans Peter Bachmaier, CSU<br />
Guido Brandl, CFWG<br />
Albert Edmaier, CFWG<br />
Manfred Grammelsberger, CSU<br />
Thomas Huber, CSU<br />
Beate Kainzlsperger, LG<br />
Johann Kaisersberger, CFWG<br />
Alois Rothmeier jun., SPD<br />
Günther Rothmeier, SPD<br />
Melanie Sprenzinger, CFWG<br />
Dr. Georg Tüller, CSU<br />
Konrad Wagner, CSU<br />
Jürgen Widl, CFWG<br />
Bernhard Würdinger, LG</p>
<p>&nbsp;</p>
<p>Der Gemeinderat hat zudem folgende vorberatende und beschließende <strong>Ausschüsse</strong> gebildet:</p>
<ul>
<li>Haupt- und Finanzausschuss (vorberatend)
<ul>
<li>Vorsitzender: 1. Bürgermeister Stefan Weindl</li>
<li>Mitglieder: Johann Kaisersberger, Albert Edmaier, Hans Peter Bachmaier, Thomas Huber, Alois Rothmeier, Beate Kainzlsperger</li>
</ul>
</li>
<li>Bauausschuss (beschließend)
<ul>
<li>Vorsitzender: 1. Bürgermeister Stefan Weindl</li>
<li>Mitglieder: Guido Brandl, Jürgen Widl, Manfred Grammelsberger, Dr. Georg Tüller, Günther Rothmeier, Bernhard Würdinger</li>
</ul>
</li>
<li>Rechnungsprüfungsausschuss (vorberatend)
<ul>
<li>Vorsitzender: 2. Bürgermeister Johann Kaisersberger</li>
<li>Mitglieder: Johann Kaisersberger, Thomas Huber, Dr. Georg Tüller, Günther Rothmeier, Bernhard Würdinger</li>
</ul>
</li>
</ul>
<p>&nbsp;</p>
<p><strong>Sitzungskalender, Bekanntmachungen, Gremien:</strong></p>
<p>Alle aktuellen Informationen finden Sie in unserem <a href="https://postmuenster.ris.kommune-aktiv.de" target="_blank" rel="noopener">Sitzungsportal</a>!</p>
<p>&nbsp;</p>
<div id="attachment_7378" style="width: 1034px" class="wp-caption alignleft"><a href="https://www.postmuenster.de/wp-content/uploads/2020/10/Bild-GR-2020.jpg" data-lbwps-width="5184" data-lbwps-height="3456" data-lbwps-srcsmall="https://www.postmuenster.de/wp-content/uploads/2020/10/Bild-GR-2020.jpg"><img loading="lazy" decoding="async" aria-describedby="caption-attachment-7378" class="wp-image-7378 size-large" src="https://www.postmuenster.de/wp-content/uploads/2020/10/Bild-GR-2020-1024x683.jpg" alt="Der Gemeinderat 2020 - 2026" width="1024" height="683" srcset="https://www.postmuenster.de/wp-content/uploads/2020/10/Bild-GR-2020-1024x683.jpg 1024w, https://www.postmuenster.de/wp-content/uploads/2020/10/Bild-GR-2020-300x200.jpg 300w, https://www.postmuenster.de/wp-content/uploads/2020/10/Bild-GR-2020-2048x1365.jpg 2048w" sizes="auto, (max-width: 1024px) 100vw, 1024px" /></a><p id="caption-attachment-7378" class="wp-caption-text">Der Gemeinderat 2020 &#8211; 2026 bei seiner konstituierenden Sitzung im Mai 2020, die wegen Corona in der Schulturnhalle stattfand. Im Vordergrund die drei Bürgermeister: v.l.n.r. 3. Bürgermeister Hans Peter Bachmaier, 2. Bürgermeister Johann Kaisersberger und 1. Bürgermeister Stefan Weindl. Foto: PNP</p></div>

<p>Der Gemeinderat ist die Vertretung der Gemeindebürgerinnen und -bürger; er besteht aus dem ersten Bürgermeister und den Gemeinderatsmitgliedern (darunter auch die zweiten und dritten Bürgermeister). In Postmünster gehören insgesamt 15 Personen dem Gemeinderat an, welche auf die Dauer von sechs Jahren gewählt werden.  Die Gemeinderatsmitglieder und der erste Bürgermeister üben ihre Ämter ehrenamtlich aus. Eine [&hellip;]</p>
