{"id":20,"date":"2014-09-21T16:19:49","date_gmt":"2014-09-21T14:19:49","guid":{"rendered":"http:\/\/www.postmuenster.de\/spdneu\/?page_id=20"},"modified":"2021-04-06T14:17:20","modified_gmt":"2021-04-06T12:17:20","slug":"gemeinderaete","status":"publish","type":"page","link":"https:\/\/www.postmuenster.de\/spdneu\/?page_id=20","title":{"rendered":"Gemeinder\u00e4te"},"content":{"rendered":"<h2><strong>Die SPD-Gemeinder\u00e4te in Postm\u00fcnster<\/strong><\/h2>\n<h3>Alois Markus Rothmeier<\/h3>\n<p>Afterhausenerstr. 27<br \/>\n84389 Postm\u00fcnster<\/p>\n<h3>G\u00fcnther Rothmeier<\/h3>\n<p>Niedermeierfeld<br \/>\n84389 Postm\u00fcnster<\/p>\n<h2><strong>Bisherige Gemeinder\u00e4te<\/strong><\/h2>\n<p>1965 &#8211; 1971 (Altgemeinde Postm\u00fcnster)<br \/>\nFe\u00dfler Fritz<br \/>\nSeibert Ludwig<br \/>\nSchachtner Heinrich<br \/>\nGei\u00dfinger Max<br \/>\nP\u00f6tzinger Hermann<\/p>\n<p>1978 &#8211; 1984<br \/>\nFessler Fritz<br \/>\nSchmitz Rudi<br \/>\nRothmeier Alois<\/p>\n<p>1984 &#8211; 1990<br \/>\nFessler Fritz<br \/>\nSchmitz Rudi<br \/>\nRothmeier Alois<\/p>\n<p>1990 &#8211; 1996<br \/>\nAltmannsberger Hansl<br \/>\nDorner Robert<br \/>\nRothmeier Alois<\/p>\n<p>1996 &#8211; 2002<br \/>\nAltmannsberger Hansl<br \/>\nDorner Robert bis 2000<br \/>\nFe\u00dfler Egon ab 2000<br \/>\nRothmeier Alois<\/p>\n<p>2002\u00a0&#8211; 2008<br \/>\nAltmannsberger Hansl<br \/>\nFe\u00dfler Egon<br \/>\nRothmeier Alois<\/p>\n<p>2008\u00a0&#8211; 2014<br \/>\nSiegfried Konrad<br \/>\nRothmeier Alois<\/p>\n<p>2014\u00a0&#8211; 2020<br \/>\nSiegfried Konrad<br \/>\nRothmeier Alois<\/p>\n","protected":false},"excerpt":{"rendered":"<p>Die SPD-Gemeinder\u00e4te in Postm\u00fcnster Alois Markus Rothmeier Afterhausenerstr. 27 84389 Postm\u00fcnster G\u00fcnther Rothmeier Niedermeierfeld 84389 Postm\u00fcnster Bisherige Gemeinder\u00e4te 1965 &#8211; 1971 (Altgemeinde Postm\u00fcnster) Fe\u00dfler Fritz Seibert Ludwig Schachtner Heinrich Gei\u00dfinger Max P\u00f6tzinger Hermann 1978 &#8211; 1984 Fessler Fritz Schmitz Rudi &hellip; <a href=\"https:\/\/www.postmuenster.de\/spdneu\/?page_id=20\">Weiterlesen <span class=\"meta-nav\">&rarr;<\/span><\/a><\/p>\n","protected":false},"author":1,"featured_media":0,"parent":0,"menu_order":4,"comment_status":"closed","ping_status":"closed","template":"","meta":{"footnotes":""},"class_list":["post-20","page","type-page","status-publish","hentry"],"_links":{"self":[{"href":"https:\/\/www.postmuenster.de\/spdneu\/index.php?rest_route=\/wp\/v2\/pages\/20","targetHints":{"allow":["GET"]}}],"collection":[{"href":"https:\/\/www.postmuenster.de\/spdneu\/index.php?rest_route=\/wp\/v2\/pages"}],"about":[{"href":"https:\/\/www.postmuenster.de\/spdneu\/index.php?rest_route=\/wp\/v2\/types\/page"}],"author":[{"embeddable":true,"href":"https:\/\/www.postmuenster.de\/spdneu\/index.php?rest_route=\/wp\/v2\/users\/1"}],"replies":[{"embeddable":true,"href":"https:\/\/www.postmuenster.de\/spdneu\/index.php?rest_route=%2Fwp%2Fv2%2Fcomments&post=20"}],"version-history":[{"count":8,"href":"https:\/\/www.postmuenster.de\/spdneu\/index.php?rest_route=\/wp\/v2\/pages\/20\/revisions"}],"predecessor-version":[{"id":165,"href":"https:\/\/www.postmuenster.de\/spdneu\/index.php?rest_route=\/wp\/v2\/pages\/20\/revisions\/165"}],"wp:attachment":[{"href":"https:\/\/www.postmuenster.de\/spdneu\/index.php?rest_route=%2Fwp%2Fv2%2Fmedia&parent=20"}],"curies":[{"name":"wp","href":"https:\/\/api.w.org\/{rel}","templated":true}]}}